 p + 148. What is the units digit of q?
8
Suppose 12*b + 370 - 4138 = 0. What is the hundreds digit of b?
3
Suppose -2*u = 3*f - 7, 5*f - 51 = -5*u - 21. Suppose u*t = 6*t - y + 22, -3*y - 2 = -2*t. What is the units digit of t?
4
Suppose 6*a = 3*a + 6, 2*r = 3*a + 202. Suppose -s = -2*i - 4*s + 260, -5*s = -i + r. What is the tens digit of i?
2
Let s be (12 - 2)/(2 - 0). Suppose s*b - 4*b + 4 = -4*h, -2*b + 14 = -3*h. Suppose b*z + z - 5 = 0. What is the units digit of z?
1
Suppose -2*n = -3*n + 3*d + 3, 4*n - d - 1 = 0. What is the units digit of -1 + 0 + n + 9 + 36?
4
Suppose -6*d = -2*d - 20, 5*d - 1835 = -2*q. What is the tens digit of q?
0
Let u = -23 - -26. Let w be (7 - u) + (0 - 22). What is the tens digit of 3 + (2 - (-1 + w))?
2
Let r be 8/(32/18)*2. Suppose r*b - 926 = 910. What is the tens digit of b?
0
Let v(n) = -n**3 - 11*n**2 - 38*n - 23. What is the units digit of v(-12)?
7
Let v be -12*3/((-3)/4). Let j be (-3)/(-9) - (-35)/21. Suppose 0*b - v = -j*b. What is the units digit of b?
4
Suppose 3*h + 205 - 1424 = -4*j, 5*j + 5*h - 1525 = 0. What is the units digit of j?
4
Let i(p) = 3*p - 1. Let r be i(2). Suppose 18 = 4*a + 2*c, -5*a - r*c + 6 = -24. Suppose 0 = a*u - 15 - 21. What is the units digit of u?
2
Let k(w) = -w**2 - 38*w - 40. What is the hundreds digit of k(-20)?
3
Suppose 5*b = 4*x - 7, x - 4 = 3*x - 4*b. Let a(i) = i**2 - 7*i + 2. Let k be a(x). What is the tens digit of (-3)/(-4 + k)*-56?
2
Suppose 0 = 5*o - b + 48, -5*o + 0*b - b = 52. Let h be (o/(-3))/((-2)/(-3)). Let k(s) = s**2 + 2. What is the units digit of k(h)?
7
What is the hundreds digit of (-16)/(-2)*(-1788)/24*-1?
5
Suppose -14 - 4 = -2*m. Suppose 0 = -5*p + 2*s - 2084, 426 = p - 2*p + 5*s. What is the units digit of p/(-9) + (-2)/m?
6
Let t(u) = u**2 + 2*u - 1. Let r be 2/(-4) - 33/(-22). Let k be t(r). Suppose k*i = -5*v + 7, 78 = 5*i - 3*v - 17. What is the units digit of i?
6
Let t(k) = 62*k**3 + 9*k**2 - 16*k. What is the thousands digit of t(3)?
1
Let a(b) = 15*b + 3. Let r be 0 - (-4 - (1 + 0)). What is the units digit of a(r)?
8
Let f be 1 - (-2668)/6 - 24/(-72). Suppose -279 = -2*n - 4*o + 149, -2*n + 5*o + f = 0. What is the hundreds digit of n?
2
Let r = 1444 + -873. What is the units digit of r?
1
Let c = 6138 - 3602. What is the thousands digit of c?
2
Let t(n) = -3*n**3 + 448. What is the units digit of t(0)?
8
Suppose 4 = -3*j + 5*n + 47, -41 = -3*j + 4*n. Suppose -3*p = -2 + j. Let t(y) = -y**3 - y**2 + 2*y - 4. What is the units digit of t(p)?
8
Suppose 0 = f + 3 - 1. What is the units digit of 2*5/5*(-97)/f?
7
Suppose -v = -5*g - 4*v + 15, -5*g - 5 = -v. Suppose g = -5*i + 452 + 8. What is the tens digit of i?
9
Let l(m) = 4*m**2 - 18*m - 9. What is the tens digit of l(-8)?
9
Suppose 0 = -t + 4 - 6. What is the units digit of (48/10)/(t/(-15))?
6
Let r be 6/14 + (-420)/(-49). What is the tens digit of -10*(r/(-2) + 6/(-4))?
6
Let p(o) = -9*o - 22. Suppose -3*h - 6 = 0, -4*h + 25 = -4*x + 1. What is the units digit of p(x)?
0
Let h = 15 - -32. Let l = h + -37. What is the tens digit of l?
1
Suppose 16 = 2*i + 2*i. Suppose -i*d + 3*d + 53 = 0. What is the tens digit of d?
5
What is the units digit of 3*(6 + 38116/39)?
0
What is the hundreds digit of (2 - 2458/(-4)) + (-10)/(-4)?
6
Let q = 63 - 52. Suppose -q*p = 6*p - 2176. What is the tens digit of p?
2
What is the hundreds digit of (-1152)/45*(-675)/18?
9
What is the thousands digit of (-820404)/(-507) + (28/(-13) - -2)?
1
Suppose -i - 4*g = -3*i + 4, 0 = -5*i - 2*g + 22. Let j(m) = -m**2 + 20*m + 2*m**3 + 24*m + 3 - i - 43*m. What is the units digit of j(2)?
3
Let r = 7 + 77. Suppose u + h = 103 - 11, u = 3*h + r. What is the units digit of u?
0
Let i(f) = 5*f + 6. Let x(q) = -q. Let l(j) = i(j) - 2*x(j). Let n(v) = -v. Let c(t) = -l(t) - 4*n(t). What is the units digit of c(-3)?
3
Let v = 351 - 18. What is the tens digit of v?
3
Let w(l) = -l**3 + 4*l**2 + 9*l - 4. Let v be w(6). Let m = 32 - 71. Let k = v - m. What is the units digit of k?
7
Let d = -114 + 523. What is the hundreds digit of d?
4
Let h = -171 - -317. What is the units digit of h?
6
Suppose -14 = 3*g - 5*f, 1 + 4 = -g + 2*f. Let l(a) = 4*a**2 + 5*a + 2. Let c be l(g). Let s = c - 3. What is the tens digit of s?
2
Let b(f) = -3*f**2 - 26*f - 5. Let w be b(-8). Suppose 5 = 3*q - 52. Suppose a = -g + w, -3*g = -3*a - q - 20. What is the units digit of g?
2
Let b be 7/7 + -2 + 1. Suppose -2*h + 14*h - 1584 = b. What is the hundreds digit of h?
1
Let c = 454 - 161. What is the tens digit of c?
9
Let o = -378 - -2413. What is the tens digit of o?
3
Let k(r) = -r**3 - 8*r**2 - 8*r + 5. Let q be k(-7). Let z = q + -11. What is the units digit of 2*(4 - 2) + z?
5
Let w(x) = -x**2 - 3*x + 2. Let j be w(-7). Let i = 17 - j. What is the tens digit of i?
4
Let p(o) = 62*o**2 - 2. Let q(a) = -187*a**2 + 6. Let x(f) = 11*p(f) + 4*q(f). Let b be x(-1). Let r = -20 - b. What is the tens digit of r?
4
What is the units digit of 91 - (10 + -6)/(-4)?
2
Let f(j) = 7*j**2 - 1. Suppose -25 = 5*p + 2*q, 4*p + p = 5*q - 60. Let t = p + 6. What is the units digit of f(t)?
6
Let l be (-6 - -47)*(0 - 1). Let k = 1 - l. What is the tens digit of k?
4
Suppose 3*p - 3*b = -b + 1378, 0 = p - b - 458. What is the hundreds digit of p?
4
Suppose 0 = 3*v - 1321 + 184. What is the hundreds digit of v?
3
Suppose 4*h = -222 + 962. Let n = h + -123. Let o = -40 + n. What is the tens digit of o?
2
What is the hundreds digit of (694/(-6))/(1/(-3))?
3
What is the tens digit of (32/(-4) - -4) + 202?
9
Suppose -4*v = -u - 8 - 4, 0 = -4*v - 2*u + 12. Suppose 20 = -v*y + 125. Suppose 5*x + 0*x - y = 0. What is the units digit of x?
7
Suppose 3*r - 9 = -a, a - 5*r + 19 = 3*a. Let t = a + -14. What is the units digit of (15/t)/(1/(-2))?
5
Let p be 3*(1 - 2)*1. Suppose 132 = -3*k - m + 13, 2*m + 4 = 0. Let v = p - k. What is the tens digit of v?
3
Let d(h) = h**2 - 10*h - 17. Let j be d(12). Let v be j + (-4)/(-4) + -4. Suppose -212 = -0*f - v*f. What is the units digit of f?
3
Let a = -4363 + 7055. What is the units digit of a?
2
Suppose 3*i = 2*p + 52, 5*i - 19 = -4*p - 79. Let f = p + 8. What is the tens digit of (f/10)/((-12)/160)?
1
Suppose -2*x - 2*r = -7*x + 21, -18 = -5*x + r. Suppose -x*q - 3*n = 63, q + 3*q = 4*n - 68. Let l = q + 43. What is the tens digit of l?
2
Suppose d + 12 = 79. Let h = -33 + d. What is the tens digit of h?
3
Suppose 0 = 3*u - 6 - 0. Suppose -z + 1 = -u. What is the tens digit of -3*((-100)/6 + z)?
4
Let c be -2 - -1 - (-2 - -7). Let g be 8 - (-7)/(14/(-8)). What is the units digit of ((-328)/12)/(g/c)?
1
Let w = 1475 + -231. What is the hundreds digit of w?
2
Let t(h) = -2*h + 2*h**2 - 2 + 0*h + 4*h. Let u be t(-2). What is the units digit of (u/(-8))/(4/(-48))?
3
Let v = 28 - 25. Suppose -3*x + v*g - 4 = -40, -2*x + 4*g = -28. What is the tens digit of x?
1
Let t = -15 - -20. Suppose -5*p = t*b + 10, -3*b - 6 = 5*p + 8. What is the units digit of b?
2
Let g = 116 + -53. Suppose 2*a - g = 15. What is the units digit of a?
9
Suppose 5*q - 18 = -q. Suppose q*b = r + 2*b - 28, -4*b = 4*r - 136. What is the units digit of r?
1
Suppose 259 = -2*f + 3609. What is the units digit of f?
5
Let z(s) = -s + 12. Let c be z(7). Let x be 0/(-4 + c + -3). Suppose 0 = -2*r - x*r + 136. What is the tens digit of r?
6
Let w = -3203 + 5316. What is the units digit of w?
3
Let p be -4 + 1 + 5/((-10)/(-24)). Let d = p + 0. What is the units digit of d?
9
Let w = -214 + 451. What is the hundreds digit of w?
2
Let t(x) = x**2 - 10*x + 9. Let r be t(8). Let d = 61 - r. What is the units digit of d?
8
Let s(f) be the third derivative of -1/24*f**4 + 11/6*f**3 + 0*f + 0 - 2*f**2. What is the tens digit of s(-8)?
1
Let s(a) = 7 + 5 - a - 2*a + a. Let l be s(-9). Suppose l + 3 = t. What is the tens digit of t?
3
Suppose 0*d - 4*d = -3*w + 6140, -3*w - 2*d = -6146. What is the thousands digit of w?
2
Let o(r) be the second derivative of -3*r**3/2 - 5*r. Let s be o(-2). What is the units digit of 12/s + 128/6?
2
Let x(a) = 84*a**2 + 3*a - 4. What is the hundreds digit of x(4)?
3
Suppose 4*y = 4798 - 762. What is the hundreds digit of y?
0
Suppose -6*y + 9 - 3 = 0. What is the units digit of -177*(10/(-6) + y)?
8
Suppose 0 = 4*n - 3*m - 420, m + 528 = 5*n